
Let g(v) = -3067*v + 39879. Calculate g(13).
8
Let b(t) = 8*t**2 - 74*t + 60. Determine b(6).
-96
Let a(p) = -p**3 - 21*p**2 + 43*p - 32. Calculate a(-23).
37
Let w(q) = -q**3 + 17*q**2 - 37*q - 19. What is w(14)?
51
Let h(i) = -22*i + 908. Give h(47).
-126
Let i(v) = -1067*v + 71492. Give i(67).
3
Let s(j) = j**2 + 216*j + 4081. Determine s(-21).
-14
Let f(j) = 3027*j + 6046. Give f(-2).
-8
Let y(h) = h**3 - 2*h**2 - h - 42. What is y(4)?
-14
Let d(r) = 54*r - 3227. Calculate d(59).
-41
Let h(x) = -962*x + 1911. Calculate h(2).
-13
Let p(t) = -58*t + 646. Give p(11).
8
Let u(v) = v**3 - 4*v**2 + 14*v + 50. Determine u(-2).
-2
Let o(a) = 12*a**3 + 696*a**2 + 5*a + 287. Determine o(-58).
-3
Let t(q) = 3*q**3 - 16*q**2 - 48*q + 201. Calculate t(5).
-64
Let n(p) = 142*p - 858. Give n(6).
-6
Let m(o) = -o**3 - 20*o**2 - 37*o + 229. Calculate m(-17).
-9
Let c(w) = -w**3 + 2*w - 101. Determine c(0).
-101
Let a(n) = -n**2 + 46*n + 1770. What is a(-25)?
-5
Let b(w) = w**2 - 22*w + 35. Give b(14).
-77
Let p(n) = -62*n + 868. Calculate p(14).
0
Let a(w) = -4292*w - 4297. Determine a(-1).
-5
Let r(x) = -x**3 + 8*x**2 - 6*x + 10. Give r(8).
-38
Let o(s) = s**3 - 63*s**2 + 180*s - 117. Determine o(60).
-117
Let q(i) = i**3 + 13*i**2 + 10*i + 79. Determine q(-12).
103
Let o(n) = 3*n**2 + 383*n - 4112. Give o(10).
18
Let l(y) = 7*y**2 - 85*y - 9. What is l(12)?
-21
Let c(a) = 5*a**3 - 17*a**2 - 52*a + 59. What is c(5)?
-1
Let z(n) = -115*n + 341. Determine z(3).
-4
Let k(u) = -u**2 - 45*u + 18. Determine k(-24).
522
Let h(p) = 2*p**2 - 74*p + 48. Determine h(36).
-24
Let k(z) = -143*z + 13411. Calculate k(93).
112
Let r(w) = -w**2 + 33*w + 414. Give r(-13).
-184
Let w(q) = q**3 + 33*q**2 + 12*q - 639. Determine w(-32).
1
Let w(g) = 3*g**3 + 20*g**2 + 9*g + 10. What is w(-6)?
28
Let x(q) = -362*q + 53944. Give x(149).
6
Let r(z) = -z**3 + 9*z**2 - 21*z + 33. Give r(8).
-71
Let t(h) = 89*h**2 - 40*h + 37. Determine t(1).
86
Let u(p) = -p**3 + 15*p**2 - 55*p + 179. Give u(10).
129
Let v(n) = 29*n + 415. Calculate v(-16).
-49
Let s(r) = 4*r**2 + 19*r + 442. Calculate s(-12).
790
Let n(q) = q**2 - 66*q + 476. What is n(50)?
-324
Let f(r) = 23*r - 299. Determine f(20).
161
Let r(c) = 21*c - 75. What is r(2)?
-33
Let t(w) = w**2 + 559*w + 3901. Give t(-7).
37
Let h(z) = 195*z + 486. What is h(-5)?
-489
Let v(k) = 7*k + 571. Give v(-84).
-17
Let k(n) = -58*n + 53. Calculate k(-4).
285
Let q(p) = -65*p - 174. Determine q(-9).
411
Let b(c) = -c**3 + 27*c**2 - 171*c - 193. Calculate b(12).
-85
Let g(t) = 74*t - 212. Determine g(3).
10
Let p(o) = o**3 + 14*o**2 - 76*o - 73. Give p(-18).
-1
Let s(a) = 5*a**2 + 9*a - 119. What is s(-6)?
7
Let x(w) = 25*w + 780. Calculate x(-31).
5
Let z(n) = -28*n + 462. Give z(12).
126
Let c(o) = o**3 + 39*o**2 + 302*o - 181. Give c(-28).
-13
Let p(m) = -m**3 + 12*m**2 + 13*m - 18. Determine p(9).
342
Let h(s) = -s**2 - 312*s + 7871. What is h(23)?
166
Let w(o) = 9*o**2 - 171*o + 9. Give w(19).
9
Let c(g) = -79*g + 4170. What is c(53)?
-17
Let z(u) = 3*u**2 - 101*u - 68. Give z(36).
184
Let o(t) = -t**3 + 104*t**2 - 105*t + 288. Determine o(103).
82
Let q(f) = -25*f - 289. Determine q(-11).
-14
Let i(z) = -44*z + 3811. Calculate i(86).
27
Let o(k) = 5*k**2 - 126*k + 361. Calculate o(3).
28
Let y(p) = 133*p + 5. Give y(1).
138
Let d(v) = 3*v**3 + 222*v**2 + 37*v + 2723. Calculate d(-74).
-15
Let f(g) = g**3 - 4*g**2 + 35*g - 156. Calculate f(4).
-16
Let g(c) = 2*c**2 - 101*c - 604. Calculate g(55).
-109
Let b(r) = r**2 + 227*r + 11957. Determine b(-144).
5
Let t(x) = 3*x**3 + 15*x**2 - 26*x - 43. Give t(-6).
5
Let w(f) = 2*f**3 + 303*f**2 + 1036*f + 6. Give w(-148).
6
Let b(y) = 112*y**2 + 1119*y - 18. Determine b(-10).
-8
Let d(a) = a**3 - 9*a**2 - 13*a + 18. Determine d(10).
-12
Let d(i) = 11*i + 335. Give d(-32).
-17
Let b(v) = -v**3 - 8*v - 87. Calculate b(-4).
9
Let k(l) = l**3 + 11*l**2 + 9*l - 6. Give k(-10).
4
Let g(c) = -18*c**2 - 1161*c - 541. Determine g(-64).
35
Let r(y) = y**3 - 7*y**2 - 4*y + 26. What is r(7)?
-2
Let x(a) = -a**2 + 6*a - 37. Determine x(10).
-77
Let n(h) = -193*h - 1341. Determine n(-7).
10
Let p(k) = -171*k - 1201. Give p(-7).
-4
Let o(b) = -15*b + 163. What is o(34)?
-347
Let t(l) = -2*l**3 - 8*l**2 + 46*l + 17. Give t(-7).
-11
Let u(i) = -76*i - 128. What is u(-2)?
24
Let c(s) = s**3 - 4*s**2 - 9*s + 4. Determine c(-2).
-2
Let i(x) = 7*x - 7. Give i(-5).
-42
Let i(m) = -748*m + 142130. Give i(190).
10
Let c(v) = 2*v**2 - 10*v + 30. Give c(10).
130
Let t(g) = 92*g**2 - 36*g - 48. Give t(1).
8
Let u(b) = -b**3 - 28*b**2 + 93*b + 43. Calculate u(-31).
43
Let f(h) = 231*h**2 + 3*h - 4. Give f(1).
230
Let u(y) = -y**3 - 6*y**2 - 4*y - 2. Determine u(-4).
-18
Let n(j) = 2*j**3 + 25*j**2 + 52*j + 47. Determine n(-10).
27
Let w(v) = -v**3 - 61*v**2 + 58*v - 247. Calculate w(-62).
1
Let k(s) = s**3 + 33*s**2 - 43*s - 314. What is k(-34)?
-8
Let f(r) = -57*r**3 + 113*r**2 - r + 1. Determine f(2).
-5
Let n(g) = -3*g**3 - 5*g**2 + 30*g - 1. Give n(-5).
99
Let n(m) = m**2 + 2059*m - 18606. Calculate n(9).
6
Let k(n) = -7329*n + 190562. Give k(26).
8
Let i(k) = 19*k**3 - 2*k**2 - 20*k - 38. Determine i(-2).
-158
Let h(a) = 2*a**2 - 4*a - 25. Calculate h(8).
71
Let u(t) = -t**3 + 50*t**2 - 426*t - 43. What is u(39)?
74
Let r(p) = 21*p**2 + 48*p + 10. Calculate r(-2).
-2
Let n(d) = d**2 + 49*d + 574. Give n(-21).
-14
Let y(n) = 10*n + 1841. Give y(-184).
1
Let v(w) = -w**3 + 167*w**2 - 814*w + 664. Give v(162).
16
Let z(v) = -3*v**3 - 130*v**2 - 43*v - 51. Determine z(-43).
-51
Let j(z) = -2*z**3 + 59*z**2 - 78*z - 157. Calculate j(28).
11
Let v(q) = -q**3 + 50*q**2 - 552*q + 260. Calculate v(34).
-12
Let u(v) = 4*v**2 + 105*v - 746. What is u(-32)?
-10
Let g(c) = c**2 - 49*c - 413. Give g(-7).
-21
Let c(a) = 2*a**3 + 9*a**2 - 7*a + 22. What is c(-6)?
-44
Let x(q) = -q**2 - 32*q + 255. What is x(-28)?
367
Let i(c) = c**3 - 6*c**2 - 858*c + 6748. Give i(8).
12
Let w(j) = 6*j**2 - 344*j + 1960. Give w(51).
22
Let q(v) = 201*v - 1428. Give q(7).
-21
Let d(m) = 10*m - 47. What is d(3)?
-17
Let h(o) = 2*o**3 + 3*o**2 - 9*o - 3. Calculate h(-2).
11
Let r(d) = d**2 + 30*d + 217. Determine r(-13).
-4
Let v(m) = -m**2 + 15*m + 958. Determine v(41).
-108
Let x(p) = -6*p**2 - 28*p - 14. Give x(-4).
2
Let d(l) = -l**3 - 16*l**2 + 5*l - 52. Give d(-16).
-132
Let w(b) = 18*b**2 + 110*b - 135. Calculate w(-6).
-147
Let g(i) = 17215*i + 103284. Calculate g(-6).
-6
Let s(a) = a**3 + 13*a**2 - 9*a + 4. Give s(-14).
-66
Let j(l) = -7010*l + 14008. Give j(2).
-12
Let a(c) = 107*c**2 + 87*c - 88. Give a(1).
106
Let x(q) = -841*q - 847. Calculate x(-1).
-6
Let c(n) = 8453*n - 16905. Give c(2).
1
Let v(k) = k**2 + 13281*k + 185747. Determine v(-14).
9
Let g(a) = a**3 - 7*a**2 + 264*a - 1274. Give g(5).
-4
Let k(y) = 14*y**2 + 168*y - 11. Calculate k(-12).
-11
Let u(v) = v**3 - 5*v**2 - 109*v + 18. Calculate u(13).
-47
Let t(c) = c**3 - 5*c**2 - 17*c + 63. Calculate t(6).
-3
Let k(h) = -h**3 + 20*h**2 - 19*h + 1. What is k(19)?
1
Let r(w) = -2*w**2 - 5*w - 15. Determine r(-6).
-57
Let q(i) = -i**2 + 7*i + 111. Calculate q(20).
-149
Let q(l) = 5*l**3 + 285*l**2 + 4*l + 220. Determine q(-57).
-8
Let p(c) = 28*c**2 + 7*c - 5. Give p(1).
30
Let q(w) = -21*w + 154. Determine q(14).
-140
Let s(i) = -722*i - 11513. What is s(-16)?
39
Let v(i) = -i**3 - 12*i**2 - 88*i - 575. Determine v(-9).
-26
Let t(p) = -3*p**2 - 63*p - 283. What is t(-7)?
11
Let p(x) = -75*x + 4464. What is p(59)?
39
Let y(x) = 3*x**2 - 48*x + 99. Calculate y(14).
15
Let h(j) = j**3 - 37*j**2 - 83*j - 82. Determine h(39).
-277
Let x(m) = m**2 - 106*m - 632. What is x(112)?
40
Let w(r) = r**2 - 28*r + 169. Determine w(10).
-11
Let k(w) = w**3 - 24*w**2 + 39*w + 21. What is k(22)?
-89
Let y(i) = -8*i - 76. Determine y(15).
-196
Let d(r) = -306*r - 3068. Calculate d(-10).
-8
Let a(d) = 114*d + 11399. Calculate a(-100).
-1
Let m(d) = 808*d + 15389. Calculate m(-19).
37
Let i(u) = 4*u**2 - 469*u - 20. Calculate i(0).
-20
Let m(y) = 4*y**2 + 35*y + 130. Give m(-4).
54
Let d(l) = l**3 - 24*l**2 - 255*l + 11. Give d(-8).
3
Let x(v) = -v**3 + 17*v**2 + 106*v + 41. What is x(22)?
-47
Let g(q) = 3*q + 302. Give g(-102).
-4
Let y(f) = f**2 + 36*f + 320. Give y(-18).
-4
Let q(p) = -p**2 -